nder when 14280 is divided by 5596.
3088
What is the remainder when 122872 is divided by 824?
96
Calculate the remainder when 749511 is divided by 841.
180
Calculate the remainder when 25046949 is divided by 216.
21
Calculate the remainder when 8270686 is divided by 303.
301
What is the remainder when 1198085 is divided by 399355?
20
Calculate the remainder when 2683220 is divided by 185.
165
What is the remainder when 551540320 is divided by 16825?
16820
Calculate the remainder when 161208571 is divided by 27.
22
Calculate the remainder when 150561 is divided by 2641.
24
Calculate the remainder when 30474510 is divided by 223.
222
Calculate the remainder when 298619 is divided by 1345.
29
What is the remainder when 55617 is divided by 54523?
1094
Calculate the remainder when 5684300 is divided by 5684260.
40
Calculate the remainder when 33570816 is divided by 1857.
1827
Calculate the remainder when 1393378 is divided by 55733.
53
What is the remainder when 16996144 is divided by 18414?
22
Calculate the remainder when 116619 is divided by 674.
17
Calculate the remainder when 7502352 is divided by 7502312.
40
Calculate the remainder when 20346576 is divided by 9.
6
Calculate the remainder when 243581 is divided by 121727.
127
What is the remainder when 379169 is divided by 244?
237
What is the remainder when 4558857 is divided by 310?
307
Calculate the remainder when 1579546 is divided by 149.
146
What is the remainder when 365992 is divided by 365889?
103
What is the remainder when 1351624 is divided by 337888?
72
Calculate the remainder when 165301 is divided by 82430.
441
What is the remainder when 19208 is divided by 14258?
4950
What is the remainder when 67099 is divided by 3946?
17
What is the remainder when 1367618 is divided by 136?
2
What is the remainder when 2238215 is divided by 42?
35
Calculate the remainder when 239014 is divided by 17072.
6
Calculate the remainder when 1416783 is divided by 1416765.
18
Calculate the remainder when 149593 is divided by 10678.
101
What is the remainder when 43418326 is divided by 30?
16
What is the remainder when 70299 is divided by 2072?
1923
Calculate the remainder when 8380589 is divided by 16.
13
Calculate the remainder when 4348195 is divided by 439.
339
What is the remainder when 30246 is divided by 2562?
2064
Calculate the remainder when 104403 is divided by 99994.
4409
Calculate the remainder when 1977232 is divided by 1734.
472
Calculate the remainder when 2044420 is divided by 1345.
20
What is the remainder when 66278 is divided by 2783?
2269
What is the remainder when 35968292 is divided by 11?
8
What is the remainder when 1904261 is divided by 182?
177
What is the remainder when 160804589 is divided by 9459093?
8
What is the remainder when 4254799 is divided by 4254794?
5
Calculate the remainder when 42916002 is divided by 10.
2
Calculate the remainder when 62035 is divided by 20381.
892
What is the remainder when 109573 is divided by 1377?
790
Calculate the remainder when 5770748 is divided by 995.
743
What is the remainder when 86991878 is divided by 92?
82
What is the remainder when 868459 is divided by 238?
235
What is the remainder when 258495 is divided by 224?
223
What is the remainder when 3300833 is divided by 2142?
11
What is the remainder when 15554 is divided by 228?
50
Calculate the remainder when 920128 is divided by 798.
34
Calculate the remainder when 43786 is divided by 228.
10
What is the remainder when 27465 is divided by 1438?
143
What is the remainder when 53331 is divided by 17613?
492
What is the remainder when 11826777 is divided by 11?
6
What is the remainder when 27247 is divided by 5137?
1562
Calculate the remainder when 40822 is divided by 19553.
1716
Calculate the remainder when 15636443 is divided by 44.
31
Calculate the remainder when 376281 is divided by 2958.
615
What is the remainder when 51442189 is divided by 207?
205
What is the remainder when 14416212 is divided by 548?
524
What is the remainder when 4205411 is divided by 95577?
23
What is the remainder when 151461000 is divided by 90?
0
What is the remainder when 7213543 is divided by 7674?
7657
Calculate the remainder when 45542 is divided by 15171.
29
Calculate the remainder when 12121702 is divided by 4040564.
10
What is the remainder when 5645615 is divided by 780?
755
What is the remainder when 1602962 is divided by 1521?
1349
Calculate the remainder when 1090459 is divided by 9500.
7459
What is the remainder when 84619002 is divided by 76?
70
Calculate the remainder when 356679007 is divided by 50.
7
What is the remainder when 37689389 is divided by 2217021?
32
Calculate the remainder when 19486607 is divided by 9743283.
41
Calculate the remainder when 49821 is divided by 49731.
90
Calculate the remainder when 17468798 is divided by 614.
498
Calculate the remainder when 154650 is divided by 74132.
6386
Calculate the remainder when 3461770 is divided by 162.
154
Calculate the remainder when 123495 is divided by 41150.
45
Calculate the remainder when 36180449 is divided by 18090216.
17
Calculate the remainder when 946659 is divided by 4930.
99
Calculate the remainder when 54790 is divided by 4189.
333
Calculate the remainder when 4602307 is divided by 1144.
1139
What is the remainder when 21871871 is divided by 1333?
7
What is the remainder when 66130 is divided by 426?
100
Calculate the remainder when 260291 is divided by 260256.
35
What is the remainder when 148692 is divided by 223?
174
Calculate the remainder when 805617 is divided by 402792.
33
What is the remainder when 94584303 is divided by 3736?
3727
Calculate the remainder when 19990 is divided by 184.
118
What is the remainder when 35341820 is divided by 912?
908
Calculate the remainder when 6001315 is divided by 3000652.
11
Calculate the remainder when 2334448 is divided by 233438.
68
What is the remainder when 4393721 is divided by 3578?
3515
Calculate the remainder when 1607566 is divided by 321318.
976
What is the remainder when 17409146 is divided by 45?
41
Calculate the remainder when 166453 is divided by 8754.
127
What is the remainder when 681651 is divided by 663?
87
Calculate the remainder when 18244825 is divided by 18244813.
12
What is the remainder when 11131259 is divided by 45?
14
Calculate the remainder when 60080 is divided by 365.
220
What is the remainder when 1779307 is divided by 803?
662
What is the remainder when 1552090 is divided by 425?
415
Calculate the remainder when 75503507 is divided by 514.
505
Calculate the remainder when 225457972 is divided by 104.
12
Calculate the remainder when 67645 is divided by 10716.
3349
Calculate the remainder when 2354867 is divided by 1129.
902
Calculate the remainder when 2666089 is divided by 1005.
829
What is the remainder when 26825 is divided by 1813?
1443
What is the remainder when 750419 is divided by 49857?
2564
Calculate the remainder when 100318 is divided by 33179.
781
Calculate the remainder when 3603769 is divided by 3603365.
404
What is the remainder when 225506453 is divided by 67?
64
Calculate the remainder when 39302194 is divided by 3884.
3882
Calculate the remainder when 11102 is divided by 2162.
292
Calculate the remainder when 286048 is divided by 160.
128
What is the remainder when 23745340 is divided by 126305?
0
What is the remainder when 17250799 is divided by 1127?
937
What is the remainder when 2056087 is divided by 128498?
119
What is the remainder when 27538 is divided by 225?
88
Calculate the remainder when 378808 is divided by 2528.
2136
Calculate the remainder when 1110425 is divided by 4849.
4
What is the remainder when 556173 is divided by 5055?
123
Calculate the remainder when 3569748 is divided by 90.
78
What is the remainder when 2097311 is divided by 2097293?
18
Calculate the remainder when 7127318 is divided by 36.
2
What is the remainder when 138719 is divided by 1563?
1175
What is the remainder when 37241 is divided by 1223?
551
What is the remainder when 12892766 is divided by 810?
806
Calculate the remainder when 17558 is divided by 101.
85
Calculate the remainder when 2681574 is divided by 2392.
142
What is the remainder when 11514595 is divided by 11093?
61
What is the remainder when 4348339 is divided by 96?
19
Calculate t